 what is 71 + -135a?
-1299
In base 5, what is 224400 - 11?
224334
In base 14, what is 151 + 911?
a62
In base 6, what is 402 - 443?
-41
In base 15, what is -cb - 1e6b?
-2047
In base 2, what is -1000 + 111100001001010?
111100001000010
In base 16, what is d + afd?
b0a
In base 6, what is 14122 + 5?
14131
In base 16, what is 78b4b - 2?
78b49
In base 8, what is 47 - -17401?
17450
In base 15, what is 13955 + -b?
13949
In base 16, what is faa - -e?
fb8
In base 11, what is -24 - -79951?
79928
In base 6, what is -231524 - 12?
-231540
In base 5, what is 432233 - 10?
432223
In base 12, what is -200 + -18a?
-38a
In base 9, what is -5 + 468542?
468536
In base 11, what is -29932 + a?
-29923
In base 5, what is -1134404 - 440?
-1140344
In base 12, what is 2 + aa63a?
aa640
In base 9, what is -5 + -688651?
-688656
In base 10, what is 1044 + 1?
1045
In base 13, what is -266463 - -4?
-26645c
In base 5, what is 2101 + 2003?
4104
In base 7, what is -116 - 234551?
-235000
In base 16, what is 28 + -5ab?
-583
In base 10, what is -995 + 32?
-963
In base 11, what is -5 + 339186?
339181
In base 13, what is 2a - -1a23?
1a50
In base 16, what is -2 + -2d8c?
-2d8e
In base 2, what is 101001111 + 100111?
101110110
In base 10, what is -16453 - -12?
-16441
In base 10, what is 6571 - -457?
7028
In base 11, what is -6346 + -23?
-6369
In base 14, what is -1 + 788ab?
788aa
In base 7, what is 22302 - -36?
22341
In base 8, what is 163 + 1640?
2023
In base 9, what is 330 + 127?
457
In base 7, what is 1035 - -52?
1120
In base 13, what is 40c - -490?
89c
In base 3, what is 20 - -21101221112?
21101221202
In base 14, what is 19 + 1761b?
17636
In base 14, what is 1 + 132a6?
132a7
In base 13, what is 4 - -5701?
5705
In base 16, what is 66e46e + 3?
66e471
In base 5, what is -1234323 + 10?
-1234313
In base 11, what is -42a - 893?
-1212
In base 12, what is 15471 + -2?
1546b
In base 14, what is -1a66 + 99?
-19ab
In base 6, what is 35 - 32231?
-32152
In base 10, what is 269 + -16801?
-16532
In base 7, what is 25034 + 12?
25046
In base 11, what is -4838a - 0?
-4838a
In base 14, what is -d - -15059?
1504a
In base 14, what is -3 + -21c8?
-21cb
In base 8, what is 1340 - -13221?
14561
In base 8, what is -122765 - 4?
-122771
In base 8, what is 11640167 - -2?
11640171
In base 3, what is -1110122110021 - 12?
-1110122110110
In base 7, what is -1142056 + -1?
-1142060
In base 8, what is 5 + -1273051?
-1273044
In base 14, what is -2 - 5529?
-552b
In base 16, what is -f8865 - -3?
-f8862
In base 15, what is 160e + -de?
1520
In base 13, what is -287 + -70?
-327
In base 15, what is -103dd - 7b?
-10469
In base 7, what is -32544 - 13?
-32560
In base 16, what is -ac860 + 5?
-ac85b
In base 6, what is -1052353 + -3?
-1052400
In base 14, what is 4 - -36086?
3608a
In base 14, what is 6 - 3219?
-3213
In base 6, what is -20325155 + 2?
-20325153
In base 4, what is -31103 - -101123?
10020
In base 14, what is 870 + 0?
870
In base 2, what is -111100111101110000 + 1?
-111100111101101111
In base 6, what is 15131 + 23?
15154
In base 14, what is -73a82 - 5?
-73a87
In base 14, what is -5 - -8b6d?
8b68
In base 4, what is 22 + 1001223?
1001311
In base 15, what is -c - -29?
1c
In base 2, what is -1 + -11001001100010010100?
-11001001100010010101
In base 13, what is -4 + -13b74?
-13b78
In base 10, what is -12324 - -7?
-12317
In base 13, what is -2b6a3 + 6?
-2b69a
In base 3, what is 211112010120 + -2?
211112010111
In base 5, what is 2 - -204011?
204013
In base 8, what is -403 + -111?
-514
In base 13, what is -1b9b + -18?
-1bb6
In base 6, what is 11 + 10212211?
10212222
In base 11, what is -6 + -1a67a?
-1a685
In base 14, what is 99a4 + 3?
99a7
In base 14, what is -139 + -1c60?
-1d99
In base 7, what is -162430 - 2?
-162432
In base 8, what is 347577 - -5?
347604
In base 12, what is -29258 - -5?
-29253
In base 13, what is -9909 + 5?
-9904
In base 10, what is -84277 - 1?
-84278
In base 14, what is 26 + -1b4?
-18c
In base 7, what is -513 + -335?
-1151
In base 16, what is 0 - -3cac?
3cac
In base 10, what is -260007 + -12?
-260019
In base 16, what is -b - 3a6?
-3b1
In base 8, what is -47 - -2306?
2237
In base 7, what is 100335 - 2?
100333
In base 14, what is -6db + -20?
-71b
In base 16, what is -1d + -37f7?
-3814
In base 2, what is -111011111 + 1001000?
-110010111
In base 16, what is 3fb4f - -5?
3fb54
In base 3, what is -1021010020 + 12?
-1021010001
In base 12, what is -2 - -46395?
46393
In base 11, what is a434 + -3?
a431
In base 15, what is -26b + 72?
-1e9
In base 10, what is 129065 - -1?
129066
In base 3, what is -10 + -20121?
-20201
In base 5, what is 10123224 - -4?
10123233
In base 10, what is -3 - 4047?
-4050
In base 11, what is 4 - -12158?
12161
In base 16, what is 16a1 + e?
16af
In base 14, what is -1 + -2d0?
-2d1
In base 2, what is -111011111111000 - -1?
-111011111110111
In base 15, what is -2c + bb?
8e
In base 5, what is 10103 + 4214?
14322
In base 9, what is -526 - -76?
-440
In base 10, what is -5126 - -5?
-5121
In base 9, what is 3 + -206087?
-206084
In base 15, what is 2 + 673bc?
673be
In base 7, what is 146 - -16104?
16253
In base 6, what is 551223 - -3?
551230
In base 7, what is -2306504 - 0?
-2306504
In base 13, what is -784 - 7c6?
-127a
In base 14, what is 4466d - 4?
44669
In base 2, what is -100000001101101111 - -100?
-100000001101101011
In base 13, what is -2 + 7c19?
7c17
In base 10, what is -1 + 306431?
306430
In base 5, what is 2104223 - 2?
2104221
In base 12, what is 636 + -a1?
555
In base 3, what is -120121200 + 21?
-120121102
In base 15, what is -1450 - -11b?
-1334
In base 5, what is -14023 + -43?
-14121
In base 10, what is -3 + -7356?
-7359
In base 15, what is 6233e - 0?
6233e
In base 15, what is 3 + -eeb?
-ee8
In base 6, what is 55 + 44542?
45041
In base 16, what is 30354d + -3?
30354a
In base 9, what is 2702037 - -4?
2702042
In base 12, what is 193245 + 7?
193250
In base 9, what is 25 + -327?
-302
In base 14, what is 451b - 8?
4513
In base 10, what is -55191 - 15?
-55206
In base 3, what is 101112 + 121220?
1000102
In base 8, what is 5 + 1210373?
1210400
In base 14, what is 16 - 2325?
-230d
In base 8, what is -450626 + 2?
-450624
In base 2, what is 110111011001 + -110010110?
110001000011
In base 12, what is -48100 + 14?
-480a8
In base 13, what is 2a739 + 7?
2a743
In base 4, what is -1120 - 132103?
-133223
In base 14, what is -6 + 23740?
23738
In base 13, what is -5 - -c5ac?
c5a7
In base 13, what is 93 + -20?
73
In base 14, what is 2 - 4181?
-417d
In base 8, what is -37427 - -5?
-37422
In base 7, what is -100 + 2333?
2233
In base 15, what is -2 + -8a7ac?
-8a7ae
In base 16, what is d9d6 + 3?
d9d9
In base 10, what is 1689373 + -2?
1689371
In base 9, what is -83 + -120?
-213
In base 15, what is 2186 + 5?
218b
In base 10, what is -3 - 99692?
-99695
In base 6, what is 20042 + -25?
20013
In base 10, what is 243 + -1460?
-1217
In base 7, what is -1412 + -1132?
-2544
In base 6, what is 10135 + 315?
10454
In base 15, what is 2 + -458e2?
-458e0
In base 6, what is -15121 - -5?
-15112
In base 11, what is -58 + 170a?
1662
In base 4, what is 123 + 20311?
21100
In base 4, what is -2 - 3033313?
-3033321
In base 15, what is -3418 + 0?
-3418
In base 16, what is -5 + -14ad?
-14b2
In base 12, what is -147 - -2100?
1b75
In base 15, what is -5 - -c2004?
c1eee
In base 16, what is -1e + -7448?
-7466
In base 2, what is 100 + -101000001111110101?
-101000001111110001
In base 4, what is -331311213 + -1?
-331311220
In base 7, what is -2402 + -5110?
-10512
In base 4, what is 1 - -1202220022?
1202220023
In base 3, what is -10 - 1111012120?
-1111012200
In base 10, what is 518256 + -2?
518254
In base 16, what is 8 - -2c0?
2c8
In base 12, what is -1 - 31aba?
-31abb
In base 2, what is 101 + -100011110110011?
-100011110101110
In base 11, what is 17873 - 1?
17872
In base 2, what is -100111010010 + -1010001101?
-110001011111
In base 16, what is 0 + 4a6e2?
4a6e2
In base 15, what is -4 - 5497?
-549b
In base 15, what is -3d18 - -17?
-3d01
In base 14, what is -3 + -64b1?
-64b4
In base 2, what is 1 + 1001010001010001111?
1001010001010010000
In base 10, what is -28115 - 2?
-28117
In base 5, what is 1222 - 144211?
-142434
In base 7, what is 20 - -30?
50
In base 16, what is -6 - 1ea50?
-1ea56
In base 5, what is 220100 + 1132?
221232
In base 8, what is -61 + 11